{"id":35,"date":"2020-08-23T17:57:11","date_gmt":"2020-08-23T15:57:11","guid":{"rendered":"https:\/\/www.freshupmedia.com\/?page_id=35"},"modified":"2020-11-10T16:49:03","modified_gmt":"2020-11-10T15:49:03","slug":"contact","status":"publish","type":"page","link":"https:\/\/www.freshupmedia.com\/index.php\/contact\/","title":{"rendered":"D\u00e9crivez votre projet !"},"content":{"rendered":"<p>Vous avez un projet en t\u00eate ou un besoin sp\u00e9cifique&nbsp; ?<br>D\u00e9crivez-moi cela et je vous recontacte avec des r\u00e9ponses !<\/p>\n\n<!--themify_builder_content-->\n<div id=\"themify_builder_content-35\" data-postid=\"35\" class=\"themify_builder_content themify_builder_content-35 themify_builder tf_clear\">\n    <\/div>\n<!--\/themify_builder_content-->","protected":false},"excerpt":{"rendered":"<p>Vous avez un projet en t\u00eate ou un besoin sp\u00e9cifique&nbsp; ?D\u00e9crivez-moi cela et je vous recontacte avec des r\u00e9ponses !<\/p>\n","protected":false},"author":1,"featured_media":190,"parent":0,"menu_order":0,"comment_status":"closed","ping_status":"closed","template":"","meta":{"_mi_skip_tracking":false,"_monsterinsights_sitenote_active":false,"_monsterinsights_sitenote_note":"","_monsterinsights_sitenote_category":0},"builder_content":"","_links":{"self":[{"href":"https:\/\/www.freshupmedia.com\/index.php\/wp-json\/wp\/v2\/pages\/35"}],"collection":[{"href":"https:\/\/www.freshupmedia.com\/index.php\/wp-json\/wp\/v2\/pages"}],"about":[{"href":"https:\/\/www.freshupmedia.com\/index.php\/wp-json\/wp\/v2\/types\/page"}],"author":[{"embeddable":true,"href":"https:\/\/www.freshupmedia.com\/index.php\/wp-json\/wp\/v2\/users\/1"}],"replies":[{"embeddable":true,"href":"https:\/\/www.freshupmedia.com\/index.php\/wp-json\/wp\/v2\/comments?post=35"}],"version-history":[{"count":19,"href":"https:\/\/www.freshupmedia.com\/index.php\/wp-json\/wp\/v2\/pages\/35\/revisions"}],"predecessor-version":[{"id":1088,"href":"https:\/\/www.freshupmedia.com\/index.php\/wp-json\/wp\/v2\/pages\/35\/revisions\/1088"}],"wp:featuredmedia":[{"embeddable":true,"href":"https:\/\/www.freshupmedia.com\/index.php\/wp-json\/wp\/v2\/media\/190"}],"wp:attachment":[{"href":"https:\/\/www.freshupmedia.com\/index.php\/wp-json\/wp\/v2\/media?parent=35"}],"curies":[{"name":"wp","href":"https:\/\/api.w.org\/{rel}","templated":true}]}}